of (-1)/((3 - 5)/i)?
1
Let a(f) = -209*f**3 - f**2 + f + 1. Let s be a(-1). Let x = s - 91. What is the tens digit of x?
1
Let c be -3 - (1 + 119)/(-3). Let p = -62 + c. What is the units digit of 10/p - (-122)/5?
4
Let y = -65 + 65. Suppose 0 = -y*k + 8*k - 456. What is the units digit of k?
7
Let p = 33 + 28. Let w = p + -26. Suppose 5*s = w + 175. What is the units digit of s?
2
Let c = -13 + 27. Let x be c/(-4) - 3/(-2). What is the units digit of x*(-2 - 3/6)?
5
Let v(i) = 82*i + 159. What is the hundreds digit of v(20)?
7
Suppose 4*r + 236 = 5*r. Let k = r + -162. What is the units digit of k?
4
Let i = -1923 + 3555. What is the tens digit of i?
3
Let z(g) = -g. Let b be z(2). Let v be b/7 - 88/(-14). What is the tens digit of (-2 + 14)*v/4?
1
Let m(r) = -r**2 + 9*r - 3. Let y(c) = -10*c + 1. Let p be y(-1). Let b = -6 + p. What is the tens digit of m(b)?
1
Let g(s) = -232*s**3 + s + 2. Let x be g(-1). Let u = x + -55. What is the tens digit of u?
7
Suppose -11*n + 516 = -13*n. What is the units digit of (-3)/((-3)/(-3)) - n?
5
Suppose 475 + 275 = 2*w - 5*p, -1083 = -3*w - 3*p. What is the tens digit of w?
6
Suppose -p + 10 = 4*p. Suppose -4 = w - o, -4*w - 7 = -w + p*o. Let n(h) = -3*h**3 - 2*h**2 + h - 3. What is the units digit of n(w)?
7
Suppose i = 6 + 3. What is the tens digit of 38 - (-3)/i*0?
3
Let k = 2135 + -1260. What is the hundreds digit of k?
8
Let f(k) = k**3 - 9*k**2 - 22*k + 2. Let o be f(11). Suppose o*w + 2*w = 376. What is the tens digit of w?
9
Suppose -3*l - 5*w = -l - 2, w + 2 = 0. Suppose -10 = -l*a + 8*a. What is the units digit of ((-50)/6)/a*9?
5
Let t = -143 - -18. Let g = t - -219. What is the tens digit of g?
9
Let q be (-6 - (3 + -7))*-1 - -27. Suppose -q*r - 1076 = -33*r. What is the hundreds digit of r?
2
Let m(z) = -z**3 - 14*z**2 - 11*z + 11. Let d be m(-9). Let j = d + 418. What is the hundreds digit of j?
1
Let y(p) = 5*p**3 + 5*p**2 - 6*p - 9. Let k(u) = -u**3. Let i(l) = 4*k(l) + y(l). Let t be i(-6). Let s = t - -11. What is the units digit of s?
2
Suppose l + 104 = 3*l. Let u be -1*l/8*4. What is the units digit of (u*(-1 + 0))/2?
3
Let b be 45/(-6)*(-36)/(-30). What is the tens digit of 59*2 + (-5 - b) - 3?
1
Let g(v) = 9*v - 17. Suppose 0 = 2*w + 5*f - 31, 0*f = -4*w - 3*f + 41. What is the units digit of g(w)?
5
What is the hundreds digit of (-20)/(-40) - (-663)/2?
3
Suppose 186*y + 3479 = 193*y. What is the units digit of y?
7
Let h(q) = 73*q**2 + q - 12. What is the thousands digit of h(4)?
1
Let q = 68 + -33. Let y be ((-1)/((-6)/(-15)))/((-2)/4). Suppose -z = y - q. What is the units digit of z?
0
Let v be (-2 - 0)/(5/(-10)). Suppose 3*d + 3*t - 183 = 0, -v*d - 110 = 2*t - 362. What is the units digit of d?
5
Suppose 96 = 4*j + 4*w, -j + 4*w + 15 + 4 = 0. What is the tens digit of j?
2
Let y(x) = x**2 - x + 17. Let p be y(0). Suppose 54*m - 58*m - 12 = 2*u, -5*m - 28 = -4*u. Suppose -u*a + 65 = -p. What is the tens digit of a?
4
Suppose 4*h + 4*w - 368 = 0, -2*w - 104 = -h - 0*h. Suppose 3*t = h + 96. What is the units digit of t?
4
Let x(k) = k + 7. Let b be x(5). Let g = -17 - -21. Suppose -f + 4*u = 6 + b, -g*f - 5*u + 33 = 0. What is the units digit of f?
2
Let m(l) = -6*l**2 + 5*l - 13. Let f be m(-7). What is the hundreds digit of (f/(-15))/(1/5)?
1
Let d(z) be the third derivative of z**4/24 + 7*z**3/6 + 5*z**2. Let f be d(-7). Suppose l + 0*l - 22 = -2*j, 3*j + l - 31 = f. What is the units digit of j?
9
Let t(z) = 4*z**3 - 3*z**2 + 2*z. Let l be t(1). Suppose f - l*f + 100 = 0. What is the units digit of f?
0
Suppose 0 = -5*s + 4*j + 301 + 427, -j + 286 = 2*s. Let p = -75 + s. What is the units digit of p?
9
Let z(v) = -2 + 2 + v - 3*v. Let b be z(-2). Suppose 5*t + b*g - 10 - 19 = 0, 4*t = -5*g + 16. What is the units digit of t?
9
Let v(b) = -1 + b**2 + b**3 + 5 + 1. Let o be v(0). Suppose -20 = -r - 3*u, -3*r - u + o*u = 5. What is the units digit of r?
5
Suppose -3*u = -3*h + 4758, -22*u + 7940 = 5*h - 17*u. What is the units digit of h?
7
Let k(z) = 2*z + 2*z + 0*z + 19 + 0*z. What is the units digit of k(13)?
1
Suppose 0 = -2*k + 3*k - 4. Suppose c + 5*w + 2 = 0, k*w = -2*c - 0*c + 2. Suppose -g + 10 + c = 0. What is the units digit of g?
3
What is the hundreds digit of ((-227)/5 + -1)/(36/(-1710))?
2
Suppose 5*t - 700 - 220 = -5*u, 0 = -2*t + 4*u + 392. Let g = -108 + t. Suppose 4*l - 40 - g = 0. What is the tens digit of l?
3
What is the units digit of 13 - (-2 - 63/(-9))?
8
Let w(a) = 2*a + a**3 - 39 - 2*a + 24. Let x be w(0). What is the tens digit of ((-53)/(-3))/((-5)/x)?
5
Suppose m + 2*m + 3 = 0. Let p(z) = 3*z**2 + 2*z + 1. Let g be p(m). Suppose y - 44 = -y + 2*j, g = y + 3*j. What is the tens digit of y?
1
Suppose 67*l + 42*l = 552412. What is the units digit of l?
8
Let i be 24/6*(0 + 1). Suppose 0 = 5*p - 2*v - 1234, p - 8*v = -i*v + 236. What is the hundreds digit of p?
2
Let i be 6/(-4)*32/(-24). Suppose 2*d + 2 + 2 = 3*p, 0 = i*d - 2*p + 2. Let k = 63 - d. What is the tens digit of k?
6
Let d(i) be the first derivative of 4*i**3/3 - 3*i**2/2 + i - 19. What is the tens digit of d(7)?
7
Let v be 1 - 1/(-3)*3. Suppose 3 = -3*n - v*t + 97, 3*t - 157 = -5*n. What is the units digit of n?
2
Let z = 1570 + -392. Suppose 5*r = z - 378. What is the hundreds digit of r?
1
Let g(c) = 37*c + 20. Let i be g(9). Suppose i = 4*n - 5*o, 4*n + 4*o - 5*o = 365. What is the units digit of n?
2
Let b = -18 - -20. Suppose b*f = 10, 2*s = -f - 0*f + 55. What is the units digit of s?
5
Let a(w) = 3*w**3 + 3*w**2 - 2. Let y be a(1). Suppose -3*d - 311 = -y*k + 2*d, 2*d = 10. What is the tens digit of k?
8
Let u(c) be the first derivative of -27*c**2/2 - 3*c + 7. Let k be u(-1). Let y = k - 5. What is the units digit of y?
9
What is the hundreds digit of 1/(2/(-6)) + 4482 + -7?
4
Let b(v) = -13*v. Let x(o) = -o. Let f(h) = -2*b(h) + 18*x(h). Let c be f(-1). What is the units digit of (c/5)/((-1)/10)?
6
Suppose 41*s - 91313 = 62027. What is the units digit of s?
0
Let s be (-7 + 1)*(-1 - 9). Let a = -42 + s. What is the tens digit of a?
1
Let a(w) = w - 3. Let j be a(-4). Let y(k) = k**2 + 7*k. Let t be y(j). Suppose t = 4*z - 5*z + 25. What is the units digit of z?
5
Let q(o) = -5*o**2 - 11*o - 16. Let b(n) = 4*n**2 + 11*n + 15. Let z(j) = -6*b(j) - 5*q(j). What is the units digit of z(16)?
0
Let z(d) = 28*d**2 - 2*d. Let o be z(-1). Suppose w = o - 8. What is the tens digit of w?
2
Let n = 6 - 5. Suppose 0 = u - 1 - n. Suppose -48 = -u*v - 2*v. What is the units digit of v?
2
Let r be ((-35)/10)/(3/(-6)). Let j(m) = m**3 - 8*m**2 + 11*m - 11. What is the tens digit of j(r)?
1
Suppose -s + 3*j + 6 = -15, 0 = 5*s - 4*j - 61. What is the tens digit of (74/(-3))/((-6)/s)?
3
Suppose 0 = -0*y - 3*y - 72. Suppose -58 = 4*h + 3*a, -5*a - 10 = -0*a. Let i = h - y. What is the units digit of i?
1
Let m = 150 + 192. What is the units digit of m?
2
Suppose 6 = -3*u + 3. Let j(l) = -62*l**3 - 2*l**2 + l + 2. Let t be j(u). Suppose -2*d + t = 7. What is the tens digit of d?
2
Let i(r) = 28*r**3 + 3*r**2 + 7*r + 12. Let b(h) = -9*h**3 - h**2 - 2*h - 4. Let c(v) = -8*b(v) - 3*i(v). What is the units digit of c(-2)?
8
Suppose -1 = -a, -4*g + 2*g - 138 = 4*a. Let y = -32 - g. What is the units digit of y?
9
Suppose -3*a + 3 + 12 = 0. Suppose 24 = 3*g - 2*g - 2*f, 3*g = -5*f + 127. Suppose -g = -3*b + q - 9, 4*b - 15 = a*q. What is the units digit of b?
0
Suppose 2*t = 4*t + 18. Let b = t + 11. Suppose b*n = -2*n + 92. What is the units digit of n?
3
Suppose 4*k = -2*l - k + 10, 2*l - 5*k = -10. Let a = 49 - l. What is the units digit of a?
9
Let y(m) = 551*m - 151. What is the tens digit of y(2)?
5
Let r be 235/(-45) + 5 - 141/(-27). Suppose -a - r*q = -4*a + 81, 41 = a + 3*q. What is the units digit of a?
2
Let y(d) = d**2 + 2*d + 29. What is the hundreds digit of y(-26)?
6
Let u be 24/2*(27/6 + 1). Suppose -3*w = 4*a - 101, 0*w - 3*a + u = 2*w. What is the tens digit of w?
3
Let r(m) = 160*m**2 - 3*m - 21. What is the units digit of r(-2)?
5
Suppose -2*h + 35 = -93. Suppose 2*y + 38 + 6 = 3*p, -3*p + h = 2*y. What is the tens digit of p?
1
Suppose 59*d - 12492 = 50461. What is the units digit of d?
7
Let u(t) = -15 + 11 + 0*t + 0*t + 5*t. Let i = -4 + 7. What is the units digit of u(i)?
1
Suppo